782?
False
Is 25 a factor of 44040423?
False
Is 41 a factor of 46563279?
False
Is 1044302 a multiple of 31?
False
Is 9527921 even?
False
Does 99 divide 1093222152?
True
Is 402821153 a multiple of 14?
False
Does 2365 divide 1365919940?
True
Does 31 divide 93541012?
True
Is 11 a factor of 254052931?
True
Is 14831652 a multiple of 170?
False
Does 203 divide 268350166?
True
Is 160619060 a multiple of 2177?
True
Does 135 divide 11533127?
False
Does 93 divide 4054614?
True
Is 597161490 a multiple of 505?
True
Is 2051 a factor of 220380653?
False
Is 34705039 a multiple of 373?
True
Is 69 a factor of 69807852?
True
Is 14614800 a multiple of 380?
True
Does 45 divide 2739132425?
False
Does 1460 divide 208404125?
False
Is 14 a factor of 74699226?
True
Is 540893073 a multiple of 7?
True
Is 11746916 a multiple of 3?
False
Does 61 divide 113322323?
True
Is 1088947228 a multiple of 38?
True
Does 492 divide 23388854?
False
Does 72 divide 28770916?
False
Is 525292018 a multiple of 36?
False
Does 886 divide 492079970?
True
Is 175 a factor of 416630375?
True
Is 97742535 a multiple of 1455?
True
Is 439405 a multiple of 28?
False
Is 1333 a factor of 336038766?
False
Does 42 divide 1816894922?
False
Is 1934662125 a multiple of 1375?
True
Is 23 a factor of 1976706388?
True
Does 4994 divide 871987358?
True
Is 5662534692 a multiple of 17?
True
Does 62 divide 12221564?
True
Is 29936343 a multiple of 105?
False
Is 282 a factor of 877529292?
True
Is 100 a factor of 313076800?
True
Is 4169 a factor of 1524082175?
True
Does 88 divide 66071016?
True
Does 1318 divide 335862218?
False
Does 2557 divide 422495667?
True
Is 19 a factor of 10501972?
False
Is 863651451 a multiple of 16?
False
Is 31 a factor of 32192880?
True
Is 1242 a factor of 14187664?
False
Is 539 a factor of 823928442?
False
Does 290 divide 40465613?
False
Does 45 divide 211185?
True
Is 5 a factor of 3268630?
True
Does 22 divide 225054810?
False
Is 9762 a factor of 4975847592?
True
Is 2103 a factor of 107667291?
True
Is 279464640 a multiple of 1680?
True
Is 1904 a factor of 1769282480?
True
Is 1287107545 a multiple of 6588?
False
Is 1773 a factor of 155566566?
True
Is 610148196 a multiple of 1449?
False
Is 313 a factor of 41363083?
False
Is 72 a factor of 648242933?
False
Is 2 a factor of 5995393?
False
Is 337867179 a multiple of 8?
False
Does 144 divide 4388835?
False
Is 4961000216 a multiple of 1994?
True
Is 16 a factor of 253935900?
False
Is 1857 a factor of 376729449?
False
Is 2597 a factor of 274473355?
False
Does 55 divide 641744840?
True
Is 5802 a factor of 112465968?
True
Is 8 a factor of 25076425?
False
Is 202 a factor of 5347950?
True
Is 78612141 a multiple of 28?
False
Is 681665143 a multiple of 259?
False
Is 204 a factor of 197887956?
True
Is 2166 a factor of 166487562?
False
Does 1165 divide 114283653?
False
Is 580 a factor of 286010180?
True
Is 89412339 a multiple of 51?
False
Is 23088486 a multiple of 251?
True
Is 2760 a factor of 562968240?
True
Does 90 divide 541741678?
False
Is 81 a factor of 42560883?
True
Is 14 a factor of 19196529?
False
Is 11891554 a multiple of 191?
False
Is 239 a factor of 3093914989?
True
Is 6354104 a multiple of 26?
False
Is 10 a factor of 7921260?
True
Is 1268996084 a multiple of 5986?
True
Is 1308 a factor of 157744800?
True
Is 11975931 a multiple of 297?
True
Is 21520747 a multiple of 13?
False
Is 937648119 a multiple of 3?
True
Does 2721 divide 1427614673?
False
Is 102 a factor of 160335228?
True
Does 668 divide 22874907?
False
Is 20 a factor of 52278749?
False
Is 239485493 a multiple of 13?
True
Is 68 a factor of 370193700?
True
Is 29 a factor of 20791259?
False
Is 46 a factor of 36512040?
True
Does 7 divide 3234924518?
True
Is 33540500 a multiple of 500?
True
Is 365515271 a multiple of 127?
True
Does 1810 divide 63462446?
False
Is 107446823 a multiple of 23?
True
Is 16146455 a multiple of 3?
False
Does 337 divide 619899368?
True
Is 2857854 a multiple of 331?
True
Is 182917770 a multiple of 73?
False
Does 39 divide 2168955562?
False
Is 51 a factor of 384413826?
True
Does 7 divide 53896035?
False
Is 29103311 a multiple of 10?
False
Is 60670534 a multiple of 450?
False
Does 126 divide 458157042?
True
Does 1910 divide 33965530?
True
Is 379809675 a multiple of 8?
False
Does 1729 divide 141784916?
True
Is 307 a factor of 99869249?
True
Is 953260 a multiple of 70?
True
Is 24641509 a multiple of 626?
False
Is 20 a factor of 9237760?
True
Is 176 a factor of 388514720?
True
Is 458 a factor of 38207352?
False
Is 69 a factor of 122354595?
True
Does 132 divide 518272349?
False
Does 97 divide 30570731?
False
Is 5348631 a multiple of 263?
True
Is 1500 a factor of 44542500?
True
Is 749018280 a multiple of 2?
True
Is 19 a factor of 2697297?
True
Is 4 a factor of 96676298?
False
Is 673 a factor of 709581588?
True
Does 1502 divide 79538274?
False
Is 2693 a factor of 16995523?
True
Does 123 divide 2036943245?
False
Is 194 a factor of 2938496466?
True
Is 1264 a factor of 55727232?
True
Does 21 divide 34316373?
True
Is 3 a factor of 2437774?
False
Is 980 a factor of 28876680?
True
Is 41829650 a multiple of 70?
False
Is 47906386 a multiple of 1958?
True
Is 1086 a factor of 1998760194?
True
Is 22580948 a multiple of 158?
False
Is 38584518 a multiple of 42?
True
Does 218 divide 588220898?
True
Is 1231 a factor of 3331245373?
False
Is 3322886343 a multiple of 455?
False
Is 1019 a factor of 409640498?
False
Is 1642919328 a multiple of 1432?
False
Is 2577029812 a multiple of 38?
True
Does 397 divide 2702464037?
False
Does 91 divide 700193858?
True
Is 69069195 a multiple of 9?
True
Is 12 a factor of 32252448?
True
Is 88667131 a multiple of 967?
True
Is 2386181391 a multiple of 23?
True
Does 19 divide 469768080?
False
Is 6062403 a multiple of 364?
False
Is 256 a factor of 232001024?
True
Does 15 divide 1264167880?
False
Is 137975250 a multiple of 1923?
True
Is 152130909 a multiple of 357?
True
Is 172517220 a multiple of 71?
True
Does 407 divide 592982683?
False
Does 50 divide 559223332?
False
Is 120453849 a multiple of 29?
True
Does 40 divide 33277013?
False
Does 540 divide 116927280?
True
Is 81 a factor of 3522933?
True
Is 6 a factor of 19127452?
False
Does 274 divide 1542393950?
True
Is 54482595 a multiple of 285?
True
Is 44475558 a multiple of 149?
False
Does 575 divide 307974775?
False
Does 2032 divide 11785600?
True
Does 198 divide 838622070?
True
Is 20 a factor of 3721340?
True
Is 40 a factor of 49810880?
True
Is 120524410 a multiple of 19?
True
Is 277 a factor of 65399240?
False
Is 222 a factor of 38564730?
True
Is 33881564 a multiple of 43?
False
Does 1167 divide 189753033?
True
Is 12 a factor of 7599577?
False
Is 114 a factor of 9640410?
True
Does 330 divide 1285836420?
True
Is 1021086465 a multiple of 822?
False
Does 2013 divide 4029519?
False
Does 112 divide 37274944?
True
Is 48209097 a multiple of 58?
False
Is 1646 a factor of 138842287?
False
Does 3790 divide 338807333?
False
Does 1178 divide 2797403641?
False
Is 663454731 a multiple of 95?
False
Does 190 divide 20555910?
True
Is 36461970 a multiple of 8049?
True
Is 113 a factor of 1018788980?
False
Is 22 a factor of 22154308?
True
Is 405021491 a multiple of 71?
False
Does 158 divide 295531258?
True
Is 74 a factor of 291510372?
False
Is 32024993 a multiple of 68?
False
Does 661 divide 6144935?
False
Is 444497115 a multiple of 293?
True
Is 163602555 a multiple of 343?
False
Is 225612800 a multiple of 2240?
True
Is 2 a factor of 197687397?
False
Does 53 divide 50652630?
True
Is 127463705 a multiple of 330?
False
Is 95 a factor of 190195996?
False
Does 3461 divide 962068014?
True
Is 2395195 a multiple of 11?
True
Is 2659 a factor of 28612365?
False
Does 1040 divide 12549680?
True
Is 1248 a factor of 128854718?
False
Is 212607236 a multiple of 29?
True
Is 5 a factor of 109900355?
True
Does 29 divide 1857046436?
True
Is 858 a factor of 940855344?
True
Is 11 a factor of 49609505?
True
Does 22 divide 122001609?
False
Is 112790956 a multiple of 11?
False
Is 84795077 a multiple of 84?
False
Is 16688312 a multiple of 267?
False
Does 198 divide 93993346?
False
Does 106 divide 78702138?
True
Does 338 divide 151251073?
False
Is 15242172 a multiple of 22?
True
Is 9642134 a multiple of 66?
False
Does 9 divide 299776023?
True
Does 10 divide